he third derivative of -r**3 + 3*r**2 + 0*r + 0 - 1/24*r**4. Determine h(n).
-6
Let q(t) = 6*t**2 + 5*t + 5. Let v(b) = b**2 + b + 1. Suppose 2*k = -4 - 4. Let r(n) = k*v(n) + q(n). Calculate r(-2).
7
Let y(d) be the second derivative of -d**5/20 + 5*d**4/6 - 3*d**3/2 - 6*d**2 - 8*d. Give y(9).
-12
Let r(p) = p**2 - 2*p. Let t = -11 - -8. Let o be (2 + -1)*(t - -5). Suppose o - 5 = -j. Determine r(j).
3
Let p(v) = -v + 5. Let k(o) = 0 + 3 - 2. Let f(d) = 2*k(d) - p(d). Suppose 0 = 4*q + 2 + 10. Determine f(q).
-6
Let p(b) be the third derivative of b**5/20 - b**3/6 + b**2. Give p(-1).
2
Let g(v) = -15*v**2 - v. Let h be 3 - 0/(3 - 0). Suppose -h*l - 18 = -3*z, -5*l + 0*l - 25 = -4*z. Give g(l).
-14
Let a(m) be the first derivative of -3*m**4/4 + m**3/3 + m**2 - 3*m + 5. Determine a(2).
-19
Let g = 17 - 14. Let m(f) be the second derivative of 0 - 1/20*f**5 - 1/12*f**4 - 3*f - 5/2*f**2 + 1/6*f**g. What is m(0)?
-5
Let d(o) be the second derivative of o**5/20 - o**4/4 - 3*o**2/2 - 8*o. Give d(3).
-3
Let l(o) = o. Let f be 1/2 - (-130)/(-20). Suppose 3*i + 33 = r - 2*r, -3*r - 95 = 5*i. Let x be ((-4)/(-10))/(f/r). Determine l(x).
2
Let c(o) be the third derivative of o**7/5040 - o**6/720 + o**5/60 - 2*o**2. Let f(b) be the third derivative of c(b). What is f(4)?
3
Let b(a) be the third derivative of a**5/60 - 5*a**4/24 - a**3 + 25*a**2. Give b(6).
0
Let q be (-23 - 1)*(-2)/6. Let s = q - 3. Let a(p) = p**3 - 4*p**2 - 3*p - 7. Calculate a(s).
3
Suppose 0*s = 2*s + 8. Suppose -x = 4*p + 22, -3*x + 2*p = -0*p - 4. Let c be (-3)/((-6)/s) - x. Let w(l) = -l**2 + l - 8. Calculate w(c).
-8
Suppose 29 = 4*m - 5*j, m = 5*m + 3*j - 21. Let y(u) = u**2 - 7*u + 7. Determine y(m).
1
Let v(f) = -7*f - 3*f**2 - 4 + f**2 - 2. Let r(b) = -b**3 - 6*b**2 + 2*b + 8. Let t be r(-6). Give v(t).
-10
Suppose -4*w + w = -6. Suppose 5 = w*o - o, 0 = -2*y - 2*o + 4. Let u(s) = 2*s**2 + 4*s + 3. Determine u(y).
9
Let o be ((-2)/4)/(2/(-8)). Let r(j) = o*j**2 - 6*j - j**2 - 7*j**3 + 5*j. What is r(1)?
-7
Let c(v) = -v. Let p(n) = -7*n - 9. Let g(w) = 6*c(w) - p(w). Let x be g(-7). Let b(m) = 0*m**2 - 5*m + x + 1 - m**2. Give b(-5).
3
Let h(i) = -2*i**2 - i - 4. Let c(k) = k**2 - k. Suppose -15 = 5*q - 10*q. Let y(g) = q*c(g) + h(g). Give y(4).
-4
Let n(j) = j**3 - 9*j**2 + 8*j - 4. Let a = -7 - -15. Give n(a).
-4
Let z = 11 - 9. Let a(q) = 4*q - 1. Let u be a(1). Let p(t) = 0*t**2 + 0*t**2 + t**2 - 2*t - t**u. Give p(z).
-8
Let p(a) = -6*a**2 + a - 1. Suppose 45*v - 49*v = -4. What is p(v)?
-6
Let s(q) = q - 2. Let p(b) = b**3 + b**2 + b + 2. Let m be p(0). Let l(i) = 2*i - 2. Let r be l(m). Suppose 0*v = -r*v - 4. Give s(v).
-4
Let a(k) = 1. Let r(c) = -2*c - 6. Let f(g) = 2*a(g) + r(g). What is f(-5)?
6
Let q(g) = 3*g**3 + 50*g**2 - 50*g**2 + 1 - 2*g. Calculate q(1).
2
Let k(q) = 2*q - 3. Suppose 4*l - 25 + 5 = 0. Determine k(l).
7
Let o(d) be the first derivative of d**4/12 + 4*d**3/3 - 2*d**2 - 3. Let u(b) be the second derivative of o(b). Give u(-6).
-4
Let j(s) = 11*s**2 + 15*s + 18. Let a(w) = 5*w**2 + 7*w + 9. Let n(u) = 13*a(u) - 6*j(u). Calculate n(0).
9
Let o(k) = k - 7. Suppose -5*b = -3 - 17. Let s be 18/b + (-2)/4. Suppose 2*j = s + 4. What is o(j)?
-3
Let s(i) be the first derivative of -i**3/3 - 5*i**2 - 10*i - 1. What is s(-7)?
11
Suppose 0 = 4*b + b. Suppose -2*r = 4*z - 6, 5*r + 0*r - z + 18 = b. Let y(a) = 0 - 3 - 3 - 3*a + 3. Give y(r).
6
Let r be 3/(-6)*(10 + -8). Let i(o) = 2*o**2 - 2*o - 1. Determine i(r).
3
Let o = -13 - -11. Let z(p) = -4*p + 2 - 4 - 1. Give z(o).
5
Let p(j) = 9*j. Suppose s = 19 - 5. Let z be -2 - 1 - (-18 + s). Calculate p(z).
9
Let d(o) = -o + 0*o - 3*o + 3. Let n = 15 - 8. Let s = 9 - n. What is d(s)?
-5
Suppose -m = 3*j - 8, -3*m + 0 = 3. Let y(g) be the second derivative of g**4/12 - 5*g**3/6 - 3*g**2/2 + 6*g. Determine y(j).
-9
Let l(p) be the second derivative of 1/12*p**4 - 5/6*p**3 + 0 - 1/2*p**2 - 3*p. Let y(n) be the first derivative of l(n). Determine y(5).
5
Let x(t) = t**3 + 5*t**2 + 4*t + 4. Suppose -2*m + 5*m = 3*r, 0 = -3*r + 5*m + 10. Determine x(r).
-16
Suppose 13*j - 74 + 22 = 0. Let t(d) = -d**2 + 2*d + 1. Calculate t(j).
-7
Let v be (1/1)/((-4)/12). Let k be -1 - (-6)/(-9)*v. Let h(b) = 2*b. Determine h(k).
2
Let g(h) = -h**3 + 4*h**2 + 4*h + 4. Let f be -1 - -10 - (-10 + 14). What is g(f)?
-1
Let g(s) be the second derivative of s**3/6 + 13*s**2/2 - 17*s. Calculate g(-9).
4
Let m(k) = 3*k**3 + 15*k**2 - k - 5. Let h(q) = 2*q**3 + 10*q**2 - q - 3. Let w(j) = -7*h(j) + 5*m(j). Give w(-5).
-14
Let t(m) = m**3 - 2*m**2 - m - 3. Let v be t(3). Let q(d) = -d**2 + v + 5*d - 3 - 2. Suppose -4*c + 3 = -h, 4*c - 4 = 4. Give q(h).
-2
Suppose 9 = 4*l - 7. Let m(t) = t**3 - 4*t**2 + 5. Determine m(l).
5
Let d(n) be the third derivative of -n**5/60 - 5*n**4/24 - n**3/3 + 19*n**2. Let f(c) = c**2 + 6*c - 6. Let i be f(-6). What is d(i)?
-8
Let u = -5 - -7. Let j(b) = 3*b + 0*b + u - b + 3*b. Suppose -w + 0 = 2. What is j(w)?
-8
Let i be 8 + -3 + 2/(-2). Suppose -2 - i = -3*a. Let p(v) = 2 + v**2 - 3*v**2 + v**a + 4*v. Calculate p(5).
-3
Let p(t) = t**3 - 4*t**2 + 8*t - 12. Let a(c) = -5*c**3 + 18*c**2 - 39*c + 61. Let d(h) = -2*a(h) - 11*p(h). What is d(7)?
-11
Let b be (-4)/5*(-10)/4. Let a(m) = 4*m - 3 + m**2 + 0 - 4 + 0*m**b. Give a(-5).
-2
Let z be (-2)/(-1) + (-12)/6. Let n(r) = -5*r - 1. Let u(i) = -3*i + 3. Let j(k) = -3*k + 4. Let b(w) = -4*j(w) + 5*u(w). Let q(g) = 7*b(g) - 4*n(g). Give q(z).
-3
Let z be (-6)/6 - (-6)/1. Let y(x) = 0 + x - 6 - x**3 - 5*x**2 - z*x - x. Suppose b = 2*f - 13 + 3, -2*f = -5*b - 26. What is y(b)?
-2
Let n = -2 - 3. Let a(v) = -v**2 + 4*v - 4. Let c(m) = -m + 1. Let g(o) = n*c(o) - a(o). Let p = -1 - -1. Determine g(p).
-1
Suppose -2*q + k = 3, -4*k = -q - 8 + 3. Let p(d) = d. Let u be p(q). Let f(x) = -6*x. Calculate f(u).
6
Let y be 0 + (1 - 0 - -3). Let a(c) = -4*c + 2. Calculate a(y).
-14
Let p(w) = w**2 - w + 1. Let f be (-1 - (2 - 1)) + 1. Let a(b) = b**3 - b**2 + 3*b - 1. Let d(v) = f*a(v) - 4*p(v). Let j be 0 + -1 - (-3 - -5). Calculate d(j).
-6
Let t(d) = -2*d**3 + 14*d**2 - 19*d - 7. Let y(c) = -3*c**3 + 21*c**2 - 29*c - 10. Let s(m) = -8*t(m) + 5*y(m). What is s(6)?
12
Let i(g) = -g**3 - 5*g**2 - g. Let f be i(-5). Let h be (-5)/(50/4)*-5. Let w(c) = -6 + h + 5*c - c**2 + 3*c - 4*c. Determine w(f).
-9
Let x = 2 - 5. Let v = 8 + x. Let p(n) = -7*n + 1. Let a(j) = 20*j - 3. Let l(q) = 6*a(q) + 17*p(q). Calculate l(v).
4
Let k(v) = -3*v**3 - 5*v**2 + v + 1. Let a(s) = 2*s**3 + 4*s**2 - s - 1. Let w(n) = 6*a(n) + 5*k(n). Give w(-2).
21
Let a(u) = -5*u**2 + 11*u + 2. Let l(y) = -y**2 + y + 1. Let g(o) = -a(o) + 6*l(o). Give g(-6).
-2
Let a = -46 + 48. Let i(j) = 31*j - 26. Let t(f) = -6*f + 5. Let y(w) = -2*i(w) - 11*t(w). Calculate y(a).
5
Suppose 3*c + 30 = 4*s, -2*s + s = 2*c + 20. Let q be (-15)/c + (-6)/(-4). Let f(z) = z + 1. Let d(p) = -5*p - 8. Let u(m) = -d(m) - 6*f(m). Determine u(q).
-1
Let k(q) = -7*q**3 + 3*q**2 - 5*q + 7. Let j(p) = -20*p**3 + 9*p**2 - 14*p + 20. Let t(i) = 6*j(i) - 17*k(i). Calculate t(4).
-11
Let f(j) be the second derivative of j**5/60 - j**4/12 - j**3/6 - j**2 + j. Let n(i) be the first derivative of f(i). What is n(4)?
7
Let v(k) = 3*k - 2. Let c be (-3)/36*-4*15. Let t(z) be the first derivative of 3*z**2 - 3*z + 1. Let x(l) = c*v(l) - 3*t(l). Calculate x(-2).
5
Let v(g) = 2 - 4*g**2 + 3 + 3*g - g**3 - 8 - 2*g. Let y be 6/(7/(-2) - -2). Calculate v(y).
-7
Let m = 5 - 2. Let s(u) be the second derivative of u**4/12 + u**3/3 - 3*u**2/2 - 67*u. What is s(m)?
12
Suppose 5*s + 5*p = 0, 0 = -s - s - 4*p - 6. Suppose 6 = -0*g + s*g. Let y(f) = f - 2. Determine y(g).
0
Let u(p) be the third derivative of -p**2 + 0 + 7/120*p**5 + 0*p - 1/24*p**4 + 1/3*p**3. Let f(t) be the first derivative of u(t). Determine f(1).
6
Let w be (-39)/9 + (-8)/12. Let j(x) = x - 4. What is j(w)?
-9
Suppose -v - 5*v + 30 = 0. Let b(f) = 5*f - 1 - f**2 + 0*f**2 + f. Calculate b(v).
4
Let r(a) be the first derivative of -a**3/3 - 4*a**2 - 4*a - 24. What is r(-8)?
-4
Let p be -3 + 4 - (-6 + 0). Let u = p + -6. Let v(l) = -5*l. Calculate v(u).
-5
Let i(x) = -16 + x - 8 + 25. Determine i(-4).
-3
Let u(f) = f**2 - 4*f + 1. Let k = -5 - 2. Let n(d) = d - 1 + 9 - 1 + 3. Let m b